{"id":140,"date":"2019-12-14T18:52:25","date_gmt":"2019-12-14T17:52:25","guid":{"rendered":"http:\/\/domainedepoudos.fr\/?page_id=140"},"modified":"2024-02-23T22:40:56","modified_gmt":"2024-02-23T21:40:56","slug":"les-chambres","status":"publish","type":"page","link":"https:\/\/domainedepoudos.fr\/?page_id=140","title":{"rendered":"Les Chambres"},"content":{"rendered":"<p>[et_pb_section fb_built=\u00a0\u00bb1&Prime; _builder_version=\u00a0\u00bb4.16&Prime; global_colors_info=\u00a0\u00bb{}\u00a0\u00bb][et_pb_row admin_label=\u00a0\u00bbLigne\u00a0\u00bb _builder_version=\u00a0\u00bb4.16&Prime; background_size=\u00a0\u00bbinitial\u00a0\u00bb background_position=\u00a0\u00bbtop_left\u00a0\u00bb background_repeat=\u00a0\u00bbrepeat\u00a0\u00bb global_colors_info=\u00a0\u00bb{}\u00a0\u00bb][et_pb_column type=\u00a0\u00bb4_4&Prime; _builder_version=\u00a0\u00bb4.16&Prime; custom_padding=\u00a0\u00bb|||\u00a0\u00bb global_colors_info=\u00a0\u00bb{}\u00a0\u00bb custom_padding__hover=\u00a0\u00bb|||\u00a0\u00bb][et_pb_text admin_label=\u00a0\u00bbTexte\u00a0\u00bb _builder_version=\u00a0\u00bb4.16&Prime; background_size=\u00a0\u00bbinitial\u00a0\u00bb background_position=\u00a0\u00bbtop_left\u00a0\u00bb background_repeat=\u00a0\u00bbrepeat\u00a0\u00bb global_colors_info=\u00a0\u00bb{}\u00a0\u00bb]<\/p>\n<h3><strong>Nos chambres<\/strong><\/h3>\n<h3><div class='et-box et-shadow'>\n\t\t\t\t\t<div class='et-box-content'>Vous appr\u00e9cierez le calme du parc, arbor\u00e9 et fleuri, refuge d\u2019oiseaux de la campagne. Vous d\u00e9couvrirez le charme des 4 chambres. Elles sont en harmonies avec leur environnement, salle d\u2019eau et WC priv\u00e9s. Nous vous servirons les petits d\u00e9jeuners gourmands dans la v\u00e9randa ou sur la terrasse. Vous d\u00e9gusterez les confitures et les p\u00e2tisseries maison.<\/div><\/div><\/h3>\n<p>[\/et_pb_text][\/et_pb_column][\/et_pb_row][et_pb_row column_structure=\u00a0\u00bb1_2,1_2&Prime; _builder_version=\u00a0\u00bb4.16&Prime; global_colors_info=\u00a0\u00bb{}\u00a0\u00bb][et_pb_column type=\u00a0\u00bb1_2&Prime; _builder_version=\u00a0\u00bb4.16&Prime; global_colors_info=\u00a0\u00bb{}\u00a0\u00bb][et_pb_text _builder_version=\u00a0\u00bb4.16&Prime; global_colors_info=\u00a0\u00bb{}\u00a0\u00bb]<\/p>\n<p>&nbsp;<\/p>\n<p style=\"font-weight: 400;\"><strong><em>Pour r\u00e9server vous pouvez nous contacter par mail\u00a0<\/em><\/strong><a href=\"mailto:poudos@orange.fr\"><strong><em>poudos@orange.fr<\/em><\/strong><\/a><\/p>\n<p style=\"font-weight: 400;\"><em><strong>Par t\u00e9l\u00e9phone au 05.62.61.00.93 ou au 06.87.48.97.18<\/strong><\/em><\/p>\n<p style=\"font-weight: 400;\"><em><strong>Le planning vous permet de visualiser nos disponibilit\u00e9s\u00a0<\/strong><\/em><em><strong>mais aussi de r\u00e9server par la centrale de r\u00e9servation du Gers<br \/><\/strong><\/em><\/p>\n<p>[\/et_pb_text][et_pb_cta title=\u00a0\u00bbVoir les chambres\u00a0\u00bb button_url=\u00a0\u00bb@ET-DC@eyJkeW5hbWljIjp0cnVlLCJjb250ZW50IjoicG9zdF9saW5rX3VybF9wYWdlIiwic2V0dGluZ3MiOnsicG9zdF9pZCI6IjE4OCJ9fQ==@\u00a0\u00bb _builder_version=\u00a0\u00bb4.16&Prime; _dynamic_attributes=\u00a0\u00bbbutton_url,link_option_url\u00a0\u00bb transform_scale=\u00a0\u00bb58%|58%\u00a0\u00bb link_option_url=\u00a0\u00bb@ET-DC@eyJkeW5hbWljIjp0cnVlLCJjb250ZW50IjoicG9zdF9saW5rX3VybF9wYWdlIiwic2V0dGluZ3MiOnsicG9zdF9pZCI6IjE4OCJ9fQ==@\u00a0\u00bb global_colors_info=\u00a0\u00bb{}\u00a0\u00bb][\/et_pb_cta][\/et_pb_column][et_pb_column type=\u00a0\u00bb1_2&Prime; _builder_version=\u00a0\u00bb4.16&Prime; global_colors_info=\u00a0\u00bb{}\u00a0\u00bb][et_pb_cta title=\u00a0\u00bbVerifier la Disponibilit\u00e9\u00a0\u00bb button_url=\u00a0\u00bbhttps:\/\/web5.deskline.net\/resa32\/78b3373b-1d87-4432-95b4-8788d820ccaf\/fr#\/accommodations\/GDF\/36896834-9B2D-4CDB-A19F-F09817C4C848\/32G100337&Prime; button_text=\u00a0\u00bb@ET-DC@eyJkeW5hbWljIjp0cnVlLCJjb250ZW50IjoicG9zdF90aXRsZSIsInNldHRpbmdzIjp7ImJlZm9yZSI6IiIsImFmdGVyIjoiIn19@\u00a0\u00bb _builder_version=\u00a0\u00bb4.24.2&Prime; _dynamic_attributes=\u00a0\u00bbbutton_text\u00a0\u00bb hover_enabled=\u00a0\u00bb0&Prime; global_colors_info=\u00a0\u00bb{}\u00a0\u00bb admin_label=\u00a0\u00bbAppel d&#039;action\u00a0\u00bb sticky_enabled=\u00a0\u00bb0&Prime;][\/et_pb_cta][et_pb_text _builder_version=\u00a0\u00bb4.16&Prime; global_colors_info=\u00a0\u00bb{}\u00a0\u00bb]<\/p>\n<p>Pour v\u00e9rifier nos disponibilit\u00e9s vous pouvez cliquer sur le bouton \u00ab\u00a0Les Chambres\u00a0\u00bb<\/p>\n<p>Pour r\u00e9server vous pouvez nous envoyer un mail a l&rsquo;adresse poudos@orange.fr<\/p>\n<p>Nous appeler au 06.87.48.97.18<\/p>\n<p>Ou r\u00e9server par la centrale de r\u00e9servation en ligne<\/p>\n<p>[\/et_pb_text][\/et_pb_column][\/et_pb_row][et_pb_row column_structure=\u00a0\u00bb1_2,1_2&Prime; _builder_version=\u00a0\u00bb4.16&Prime; global_colors_info=\u00a0\u00bb{}\u00a0\u00bb][et_pb_column type=\u00a0\u00bb1_2&Prime; _builder_version=\u00a0\u00bb4.16&Prime; global_colors_info=\u00a0\u00bb{}\u00a0\u00bb][et_pb_gallery gallery_ids=\u00a0\u00bb172,139,57,58,136,133,61&Prime; fullwidth=\u00a0\u00bbon\u00a0\u00bb admin_label=\u00a0\u00bbGalerie\u00a0\u00bb _builder_version=\u00a0\u00bb4.16&Prime; transform_scale=\u00a0\u00bb200%|200%\u00a0\u00bb transform_translate=\u00a0\u00bb-89px|24px\u00a0\u00bb width=\u00a0\u00bb50%\u00a0\u00bb max_width=\u00a0\u00bb49%\u00a0\u00bb module_alignment=\u00a0\u00bbright\u00a0\u00bb custom_margin=\u00a0\u00bb|||0px|false|false\u00a0\u00bb custom_padding=\u00a0\u00bb|||0px|false|false\u00a0\u00bb animation_style=\u00a0\u00bbslide\u00a0\u00bb animation_duration=\u00a0\u00bb500ms\u00a0\u00bb animation_delay=\u00a0\u00bb450ms\u00a0\u00bb animation_speed_curve=\u00a0\u00bblinear\u00a0\u00bb auto=\u00a0\u00bbon\u00a0\u00bb auto_speed=\u00a0\u00bb2000&Prime; global_colors_info=\u00a0\u00bb{}\u00a0\u00bb][\/et_pb_gallery][\/et_pb_column][et_pb_column type=\u00a0\u00bb1_2&Prime; _builder_version=\u00a0\u00bb4.16&Prime; global_colors_info=\u00a0\u00bb{}\u00a0\u00bb][et_pb_text _builder_version=\u00a0\u00bb4.24.2&Prime; hover_enabled=\u00a0\u00bb0&Prime; global_colors_info=\u00a0\u00bb{}\u00a0\u00bb sticky_enabled=\u00a0\u00bb0&Prime;]<\/p>\n<p><em><strong>Tarif Chambres d&rsquo;h\u00f4tes \u00e0 la nuit\u00e9e<\/strong><\/em><\/p>\n<table style=\"width: 632px; height: 131px;\" width=\"948\">\n<tbody>\n<tr>\n<td style=\"width: 624px;\">\n<table style=\"height: 87px; width: 487px;\" width=\"596\">\n<tbody>\n<tr>\n<td style=\"width: 269.414px;\"><strong>Chambres<\/strong><\/td>\n<td style=\"width: 202.344px; text-align: center;\"><strong>2 Personnes<\/strong><\/td>\n<\/tr>\n<tr>\n<td style=\"width: 269.414px;\"><strong>RDC Cour &#8211; Jardin<\/strong><\/td>\n<td style=\"width: 202.344px; text-align: center;\"><strong>90 \u20ac<\/strong><\/td>\n<\/tr>\n<tr>\n<td style=\"width: 269.414px;\"><strong>Etage Suite I SuiteII<\/strong><\/td>\n<td style=\"width: 202.344px; text-align: center;\"><strong>110 \u20ac<\/strong><\/td>\n<\/tr>\n<\/tbody>\n<\/table>\n<\/td>\n<\/tr>\n<\/tbody>\n<\/table>\n<p>[\/et_pb_text][\/et_pb_column][\/et_pb_row][et_pb_row _builder_version=\u00a0\u00bb4.16&Prime; global_colors_info=\u00a0\u00bb{}\u00a0\u00bb][et_pb_column type=\u00a0\u00bb4_4&Prime; _builder_version=\u00a0\u00bb4.16&Prime; global_colors_info=\u00a0\u00bb{}\u00a0\u00bb][et_pb_text _builder_version=\u00a0\u00bb4.16&Prime; global_colors_info=\u00a0\u00bb{}\u00a0\u00bb]<\/p>\n<h4 style=\"text-align: right;\"><span style=\"text-align: center;\">Anne-Marie &amp; Jean-Jacques ASTAU\u00a0<\/span><\/h4>\n<h4 style=\"text-align: right;\"><span style=\"text-align: center;\">Au domaine de Poudos\u00a0<\/span><\/h4>\n<h4 style=\"text-align: right;\"><span style=\"text-align: center;\">32550 Auterive \u2013 GERS <\/span><\/h4>\n<h4 style=\"text-align: right;\"><span style=\"text-align: center;\">T\u00e9l\u00a0 05.62.61.00.93 \/<\/span><span style=\"text-align: center;\">\u00a006.87.48.97.18<\/span><\/h4>\n<p style=\"text-align: right;\">[\/et_pb_text][et_pb_text admin_label=\u00a0\u00bbTexte\u00a0\u00bb _builder_version=\u00a0\u00bb4.16&Prime; global_colors_info=\u00a0\u00bb{}\u00a0\u00bb]<\/p>\n<hr \/>\n<h4 style=\"text-align: left;\" align=\"center\">Anne-Marie &amp; Jean-Jacques vous accueillent au \u00ab\u00a0Domaine de Poudos\u00a0\u00bb \u00e0 la campagne aux portes d&rsquo;Auch.<br \/>Beau parc ombrag\u00e9 verdoyant et fleuri. Chambres et Tables D&rsquo;h\u00f4tes- GIte 2 personnes<br \/>Table d&rsquo;h\u00f4tes avec produits du terroir, piscine arboretum.<\/h4>\n<hr \/>\n<hr \/>\n<p>&nbsp;<\/p>\n<p>[\/et_pb_text][\/et_pb_column][\/et_pb_row][\/et_pb_section]<\/p>\n","protected":false},"excerpt":{"rendered":"<p>Anne-Marie &amp; Jean-Jacques vous accueillent au \u00ab\u00a0Domaine de Poudos\u00a0\u00bb \u00e0 la campagne aux portes d&rsquo;Auch.<br \/>\nBeau parc ombrag\u00e9 verdoyant et fleuri. Chambres et Tables D&rsquo;h\u00f4tes- G\u00eete 2 personnes. Table d&rsquo;h\u00f4tes avec produits du terroir, piscine arboretum.<\/p>\n","protected":false},"author":1,"featured_media":0,"parent":0,"menu_order":0,"comment_status":"closed","ping_status":"closed","template":"","meta":{"_et_pb_use_builder":"on","_et_pb_old_content":"<p>\u00a0<\/p><p>[gallery columns=\"4\" size=\"medium\" ids=\"68,129,58,59\" orderby=\"rand\"]<\/p><h4>Vous appr\u00e9cierez le calme du parc, arbor\u00e9 et fleuri, refuge d\u2019oiseaux de la campagne. Vous d\u00e9couvrirez le charme des 4 chambres.<\/h4><h4>Elles sont en harmonies avec leur environnement, salle d\u2019eau et WC priv\u00e9s.<\/h4><h4>Nous vous servirons les petits d\u00e9jeuners gourmands dans la v\u00e9randa ou sur la terrasse. Vous d\u00e9gusterez les confitures et les p\u00e2tisseries maison.<\/h4>","_et_gb_content_width":"","footnotes":""},"class_list":["post-140","page","type-page","status-publish","hentry"],"_links":{"self":[{"href":"https:\/\/domainedepoudos.fr\/index.php?rest_route=\/wp\/v2\/pages\/140","targetHints":{"allow":["GET"]}}],"collection":[{"href":"https:\/\/domainedepoudos.fr\/index.php?rest_route=\/wp\/v2\/pages"}],"about":[{"href":"https:\/\/domainedepoudos.fr\/index.php?rest_route=\/wp\/v2\/types\/page"}],"author":[{"embeddable":true,"href":"https:\/\/domainedepoudos.fr\/index.php?rest_route=\/wp\/v2\/users\/1"}],"replies":[{"embeddable":true,"href":"https:\/\/domainedepoudos.fr\/index.php?rest_route=%2Fwp%2Fv2%2Fcomments&post=140"}],"version-history":[{"count":56,"href":"https:\/\/domainedepoudos.fr\/index.php?rest_route=\/wp\/v2\/pages\/140\/revisions"}],"predecessor-version":[{"id":454,"href":"https:\/\/domainedepoudos.fr\/index.php?rest_route=\/wp\/v2\/pages\/140\/revisions\/454"}],"wp:attachment":[{"href":"https:\/\/domainedepoudos.fr\/index.php?rest_route=%2Fwp%2Fv2%2Fmedia&parent=140"}],"curies":[{"name":"wp","href":"https:\/\/api.w.org\/{rel}","templated":true}]}}